{"id":351,"date":"2024-11-22T22:07:33","date_gmt":"2024-11-22T22:07:33","guid":{"rendered":"https:\/\/fakiren.se\/?page_id=351"},"modified":"2024-12-02T00:54:11","modified_gmt":"2024-12-02T00:54:11","slug":"clownen","status":"publish","type":"page","link":"https:\/\/fakiren.se\/?page_id=351","title":{"rendered":"Clownen"},"content":{"rendered":"\n<figure class=\"wp-block-image size-full\"><img loading=\"lazy\" decoding=\"async\" width=\"750\" height=\"640\" src=\"https:\/\/fakiren.se\/wp-content\/uploads\/2024\/11\/IMG_5393.jpeg\" alt=\"\" class=\"wp-image-355\" srcset=\"https:\/\/fakiren.se\/wp-content\/uploads\/2024\/11\/IMG_5393.jpeg 750w, https:\/\/fakiren.se\/wp-content\/uploads\/2024\/11\/IMG_5393-300x256.jpeg 300w\" sizes=\"auto, (max-width: 750px) 100vw, 750px\" \/><figcaption class=\"wp-element-caption\">Foto: Ma Lou Skoglund<\/figcaption><\/figure>\n\n\n\n<p>Tobias T\u00f6rnell startade sin professionella artist karri\u00e4r som Clownen Dodo under tiden han gick Cirkusgymnasiet p\u00e5 Vasaskolan i G\u00e4vle 1989-1991. D\u00e5 uppt\u00e4cktes han av Ove Hahn som var artistchef p\u00e5 Gr\u00f6na lund i Stockholm och fick sin f\u00f6rsta anst\u00e4llning via Artistf\u00f6rmedlingen FTS av \u00c5ke Ejdertjern. 1990 jobbade han en hel s\u00e4song d\u00e4r.<\/p>\n\n\n\n<p>Ove sm\u00f6g omkring bland hundratals artister som s\u00f6kte jobbet men fick \u00f6gonen p\u00e5 T\u00f6rnell som just l\u00e4rt sig att jonglera. Efterssom han bara \u00f6vat knappt ett halv\u00e5r s\u00e5 tappade han ibland bollarna som rullade iv\u00e4g. Ove s\u00e5g d\u00e5 hur sm\u00e5 barn hj\u00e4lpte Clownen att plocka upp bollarna och ge dem till Dodo som lekte med barnen som log och skrattade.<\/p>\n\n\n\n<p>Tobias trodde att jobbet var k\u00f6rt efterssom det kryllade av duktiga rutinerade artister men Ove gillade verkligen vad han s\u00e5g. En Clown som interagerade med publiken och s\u00e5 blev T\u00f6rnell anst\u00e4lld.<\/p>\n\n\n\n<p>D\u00e4r jobbade han \u00e4ven ihop med gycklaren och jongl\u00f6ren Karl Wedin med vilken han senare skulle starta Gycklarkvartetten VAZIR efter Cirkusskolans slut. Efter n\u00e5gra \u00e5r som Clown b\u00f6rjade han turnera land och rike kring med sin syster riksspelemannen Thuva H\u00e4rdelin.<\/p>\n\n\n\n<figure class=\"wp-block-image size-full\"><img loading=\"lazy\" decoding=\"async\" width=\"666\" height=\"630\" src=\"https:\/\/fakiren.se\/wp-content\/uploads\/2024\/10\/IMG_0873.jpeg\" alt=\"\" class=\"wp-image-70\" srcset=\"https:\/\/fakiren.se\/wp-content\/uploads\/2024\/10\/IMG_0873.jpeg 666w, https:\/\/fakiren.se\/wp-content\/uploads\/2024\/10\/IMG_0873-300x284.jpeg 300w\" sizes=\"auto, (max-width: 666px) 100vw, 666px\" \/><figcaption class=\"wp-element-caption\">Thuva H\u00e4rdelin och Clownen Dodo<\/figcaption><\/figure>\n\n\n\n<p>En kombination av clownkonster och folkmusik som verkligen gick hem hos publiken. <\/p>\n\n\n\n<p>T\u00f6rnell utvecklade senare i livet en ny sorts clown karakt\u00e4r i form av en pirat vid namn Jubb Jubb som kunde kombinera eldkonst med clownens alla verktyg.<\/p>\n\n\n\n<p>Han upptr\u00e4dde i \u00f6ver tio \u00e5r med sin karakt\u00e4r tillsammans med \u00c5ke Hellstr\u00f6m alias Kapten Schack Matt i olika Sj\u00f6r\u00f6var\u00e4ventyr med inriktning p\u00e5 riktigt fin barnteater.<\/p>\n\n\n\n<figure class=\"wp-block-image size-full\"><img loading=\"lazy\" decoding=\"async\" width=\"750\" height=\"692\" src=\"https:\/\/fakiren.se\/wp-content\/uploads\/2024\/11\/IMG_5062.jpeg\" alt=\"\" class=\"wp-image-346\" srcset=\"https:\/\/fakiren.se\/wp-content\/uploads\/2024\/11\/IMG_5062.jpeg 750w, https:\/\/fakiren.se\/wp-content\/uploads\/2024\/11\/IMG_5062-300x277.jpeg 300w\" sizes=\"auto, (max-width: 750px) 100vw, 750px\" \/><figcaption class=\"wp-element-caption\">Foto: Linda Wikstr\u00f6m<\/figcaption><\/figure>\n\n\n\n<p><\/p>\n\n\n\n<p><\/p>\n\n\n\n<h2 class=\"wp-block-heading\">fakiren@live.se <\/h2>\n","protected":false},"excerpt":{"rendered":"<p>Tobias T\u00f6rnell startade sin professionella artist karri\u00e4r som Clownen Dodo under tiden han gick Cirkusgymnasiet p\u00e5 Vasaskolan i G\u00e4vle 1989-1991. D\u00e5 uppt\u00e4cktes han av Ove Hahn som var artistchef p\u00e5 Gr\u00f6na lund i Stockholm och fick sin f\u00f6rsta anst\u00e4llning via Artistf\u00f6rmedlingen FTS av \u00c5ke Ejdertjern. 1990 jobbade han en hel s\u00e4song d\u00e4r. Ove sm\u00f6g omkring [&hellip;]<\/p>\n","protected":false},"author":2,"featured_media":0,"parent":0,"menu_order":0,"comment_status":"closed","ping_status":"closed","template":"","meta":{"footnotes":""},"class_list":["post-351","page","type-page","status-publish","hentry"],"_links":{"self":[{"href":"https:\/\/fakiren.se\/index.php?rest_route=\/wp\/v2\/pages\/351","targetHints":{"allow":["GET"]}}],"collection":[{"href":"https:\/\/fakiren.se\/index.php?rest_route=\/wp\/v2\/pages"}],"about":[{"href":"https:\/\/fakiren.se\/index.php?rest_route=\/wp\/v2\/types\/page"}],"author":[{"embeddable":true,"href":"https:\/\/fakiren.se\/index.php?rest_route=\/wp\/v2\/users\/2"}],"replies":[{"embeddable":true,"href":"https:\/\/fakiren.se\/index.php?rest_route=%2Fwp%2Fv2%2Fcomments&post=351"}],"version-history":[{"count":5,"href":"https:\/\/fakiren.se\/index.php?rest_route=\/wp\/v2\/pages\/351\/revisions"}],"predecessor-version":[{"id":378,"href":"https:\/\/fakiren.se\/index.php?rest_route=\/wp\/v2\/pages\/351\/revisions\/378"}],"wp:attachment":[{"href":"https:\/\/fakiren.se\/index.php?rest_route=%2Fwp%2Fv2%2Fmedia&parent=351"}],"curies":[{"name":"wp","href":"https:\/\/api.w.org\/{rel}","templated":true}]}}